[INFO] cloning repository https://github.com/St2r/compiler-utils
[INFO] running `Command { std: "git" "-c" "credential.helper=" "-c" "credential.helper=/workspace/cargo-home/bin/git-credential-null" "clone" "--bare" "https://github.com/St2r/compiler-utils" "/workspace/cache/git-repos/https%3A%2F%2Fgithub.com%2FSt2r%2Fcompiler-utils", kill_on_drop: false }`
[INFO] [stderr] Cloning into bare repository '/workspace/cache/git-repos/https%3A%2F%2Fgithub.com%2FSt2r%2Fcompiler-utils'...
[INFO] running `Command { std: "git" "rev-parse" "HEAD", kill_on_drop: false }`
[INFO] [stdout] bc71912bfcd4df5c15fc467cb6a4ea7dbe4b7be4
[INFO] checking St2r/compiler-utils against master#9610dfe5a9a731ced1ea4923ecbd0c57fe367898 for beta-170-4
[INFO] running `Command { std: "git" "clone" "/workspace/cache/git-repos/https%3A%2F%2Fgithub.com%2FSt2r%2Fcompiler-utils" "/workspace/builds/worker-6-tc1/source", kill_on_drop: false }`
[INFO] [stderr] Cloning into '/workspace/builds/worker-6-tc1/source'...
[INFO] [stderr] done.
[INFO] validating manifest of git repo https://github.com/St2r/compiler-utils on toolchain 9610dfe5a9a731ced1ea4923ecbd0c57fe367898
[INFO] running `Command { std: CARGO_HOME="/workspace/cargo-home" RUSTUP_HOME="/workspace/rustup-home" "/workspace/cargo-home/bin/cargo" "+9610dfe5a9a731ced1ea4923ecbd0c57fe367898" "metadata" "--manifest-path" "Cargo.toml" "--no-deps", kill_on_drop: false }`
[INFO] started tweaking git repo https://github.com/St2r/compiler-utils
[INFO] finished tweaking git repo https://github.com/St2r/compiler-utils
[INFO] tweaked toml for git repo https://github.com/St2r/compiler-utils written to /workspace/builds/worker-6-tc1/source/Cargo.toml
[INFO] crate git repo https://github.com/St2r/compiler-utils already has a lockfile, it will not be regenerated
[INFO] running `Command { std: CARGO_HOME="/workspace/cargo-home" RUSTUP_HOME="/workspace/rustup-home" "/workspace/cargo-home/bin/cargo" "+9610dfe5a9a731ced1ea4923ecbd0c57fe367898" "fetch" "--manifest-path" "Cargo.toml", kill_on_drop: false }`
[INFO] running `Command { std: "docker" "create" "-v" "/var/lib/crater-agent-workspace/builds/worker-6-tc1/target:/opt/rustwide/target:rw,Z" "-v" "/var/lib/crater-agent-workspace/builds/worker-6-tc1/source:/opt/rustwide/workdir:ro,Z" "-v" "/var/lib/crater-agent-workspace/cargo-home:/opt/rustwide/cargo-home:ro,Z" "-v" "/var/lib/crater-agent-workspace/rustup-home:/opt/rustwide/rustup-home:ro,Z" "-e" "SOURCE_DIR=/opt/rustwide/workdir" "-e" "CARGO_TARGET_DIR=/opt/rustwide/target" "-e" "CARGO_HOME=/opt/rustwide/cargo-home" "-e" "RUSTUP_HOME=/opt/rustwide/rustup-home" "-w" "/opt/rustwide/workdir" "-m" "1610612736" "--user" "0:0" "--network" "none" "ghcr.io/rust-lang/crates-build-env/linux@sha256:19e73879b68f455e41552ea35293514db52ea292d993f571636dbffedb77a1ee" "/opt/rustwide/cargo-home/bin/cargo" "+9610dfe5a9a731ced1ea4923ecbd0c57fe367898" "metadata" "--no-deps" "--format-version=1", kill_on_drop: false }`
[INFO] [stdout] 3ae83e7bdfc85967c5278f3a6d5be84949c7ae553a39f132f221a10a19f2a6c2
[INFO] running `Command { std: "docker" "start" "-a" "3ae83e7bdfc85967c5278f3a6d5be84949c7ae553a39f132f221a10a19f2a6c2", kill_on_drop: false }`
[INFO] running `Command { std: "docker" "inspect" "3ae83e7bdfc85967c5278f3a6d5be84949c7ae553a39f132f221a10a19f2a6c2", kill_on_drop: false }`
[INFO] running `Command { std: "docker" "rm" "-f" "3ae83e7bdfc85967c5278f3a6d5be84949c7ae553a39f132f221a10a19f2a6c2", kill_on_drop: false }`
[INFO] [stdout] 3ae83e7bdfc85967c5278f3a6d5be84949c7ae553a39f132f221a10a19f2a6c2
[INFO] running `Command { std: "docker" "create" "-v" "/var/lib/crater-agent-workspace/builds/worker-6-tc1/target:/opt/rustwide/target:rw,Z" "-v" "/var/lib/crater-agent-workspace/builds/worker-6-tc1/source:/opt/rustwide/workdir:ro,Z" "-v" "/var/lib/crater-agent-workspace/cargo-home:/opt/rustwide/cargo-home:ro,Z" "-v" "/var/lib/crater-agent-workspace/rustup-home:/opt/rustwide/rustup-home:ro,Z" "-e" "SOURCE_DIR=/opt/rustwide/workdir" "-e" "CARGO_TARGET_DIR=/opt/rustwide/target" "-e" "CARGO_INCREMENTAL=0" "-e" "RUST_BACKTRACE=full" "-e" "RUSTFLAGS=--cap-lints=forbid" "-e" "RUSTDOCFLAGS=--cap-lints=forbid" "-e" "CARGO_HOME=/opt/rustwide/cargo-home" "-e" "RUSTUP_HOME=/opt/rustwide/rustup-home" "-w" "/opt/rustwide/workdir" "-m" "1610612736" "--user" "0:0" "--network" "none" "ghcr.io/rust-lang/crates-build-env/linux@sha256:19e73879b68f455e41552ea35293514db52ea292d993f571636dbffedb77a1ee" "/opt/rustwide/cargo-home/bin/cargo" "+9610dfe5a9a731ced1ea4923ecbd0c57fe367898" "check" "--frozen" "--all" "--all-targets" "--message-format=json", kill_on_drop: false }`
[INFO] [stdout] 6f7b4d28300782cca63d50068226a8a889f714e835f8f1db5ed8cf4b336e57fc
[INFO] running `Command { std: "docker" "start" "-a" "6f7b4d28300782cca63d50068226a8a889f714e835f8f1db5ed8cf4b336e57fc", kill_on_drop: false }`
[INFO] [stderr]     Checking compiler-utils v0.1.0 (/opt/rustwide/workdir)
[INFO] [stdout] warning: struct `Grammar` is never constructed
[INFO] [stdout]  --> src/grammar/grammar.rs:1:8
[INFO] [stdout]   |
[INFO] [stdout] 1 | struct Grammar{
[INFO] [stdout]   |        ^^^^^^^
[INFO] [stdout]   |
[INFO] [stdout]   = note: `#[warn(dead_code)]` on by default
[INFO] [stdout] 
[INFO] [stdout] 
[INFO] [stdout] warning: associated function `new` is never used
[INFO] [stdout]  --> src/grammar/grammar.rs:5:12
[INFO] [stdout]   |
[INFO] [stdout] 4 | impl Grammar {
[INFO] [stdout]   | ------------ associated function in this implementation
[INFO] [stdout] 5 |     pub fn new() {
[INFO] [stdout]   |            ^^^
[INFO] [stdout] 
[INFO] [stdout] 
[INFO] [stdout] warning: 2 warnings emitted
[INFO] [stdout] 
[INFO] [stdout] 
[INFO] [stdout] warning: struct `Grammar` is never constructed
[INFO] [stdout]  --> src/grammar/grammar.rs:1:8
[INFO] [stdout]   |
[INFO] [stdout] 1 | struct Grammar{
[INFO] [stdout]   |        ^^^^^^^
[INFO] [stdout]   |
[INFO] [stdout]   = note: `#[warn(dead_code)]` on by default
[INFO] [stdout] 
[INFO] [stdout] 
[INFO] [stdout] warning: associated function `new` is never used
[INFO] [stdout]  --> src/grammar/grammar.rs:5:12
[INFO] [stdout]   |
[INFO] [stdout] 4 | impl Grammar {
[INFO] [stdout]   | ------------ associated function in this implementation
[INFO] [stdout] 5 |     pub fn new() {
[INFO] [stdout]   |            ^^^
[INFO] [stdout] 
[INFO] [stdout] 
[INFO] [stdout] warning: 2 warnings emitted
[INFO] [stdout] 
[INFO] [stdout] 
[INFO] [stdout] error[E0432]: unresolved import `compiler_utils::com`
[INFO] [stdout]  --> src/main.rs:2:5
[INFO] [stdout]   |
[INFO] [stdout] 2 | use compiler_utils::com;
[INFO] [stdout]   |     ^^^^^^^^^^^^^^^^^^^ no `com` in the root
[INFO] [stdout] 
[INFO] [stdout] 
[INFO] [stdout] error[E0432]: unresolved import `compiler_utils::com`
[INFO] [stdout]  --> src/main.rs:2:5
[INFO] [stdout]   |
[INFO] [stdout] 2 | use compiler_utils::com;
[INFO] [stdout]   |     ^^^^^^^^^^^^^^^^^^^ no `com` in the root
[INFO] [stdout] 
[INFO] [stdout] 
[INFO] [stdout] error[E0425]: cannot find function `testf` in module `grammar`
[INFO] [stdout]  --> src/main.rs:5:14
[INFO] [stdout]   |
[INFO] [stdout] 5 |     grammar::testf();
[INFO] [stdout]   |              ^^^^^ not found in `grammar`
[INFO] [stdout] 
[INFO] [stdout] 
[INFO] [stdout] error[E0425]: cannot find function `testf` in module `grammar`
[INFO] [stdout]  --> src/main.rs:5:14
[INFO] [stdout]   |
[INFO] [stdout] 5 |     grammar::testf();
[INFO] [stdout]   |              ^^^^^ not found in `grammar`
[INFO] [stdout] 
[INFO] [stdout] 
[INFO] [stdout] error: aborting due to 2 previous errors
[INFO] [stdout] 
[INFO] [stdout] 
[INFO] [stdout] Some errors have detailed explanations: E0425, E0432.
[INFO] [stdout] 
[INFO] [stdout] For more information about an error, try `rustc --explain E0425`.
[INFO] [stdout] 
[INFO] [stdout] error: aborting due to 2 previous errors
[INFO] [stdout] 
[INFO] [stdout] 
[INFO] [stdout] Some errors have detailed explanations: E0425, E0432.
[INFO] [stdout] 
[INFO] [stdout] For more information about an error, try `rustc --explain E0425`.
[INFO] [stdout] 
[INFO] [stderr] error: could not compile `compiler-utils` (bin "compiler-utils") due to 3 previous errors
[INFO] [stderr] warning: build failed, waiting for other jobs to finish...
[INFO] [stderr] error: could not compile `compiler-utils` (bin "compiler-utils" test) due to 3 previous errors
[INFO] running `Command { std: "docker" "inspect" "6f7b4d28300782cca63d50068226a8a889f714e835f8f1db5ed8cf4b336e57fc", kill_on_drop: false }`
[INFO] running `Command { std: "docker" "rm" "-f" "6f7b4d28300782cca63d50068226a8a889f714e835f8f1db5ed8cf4b336e57fc", kill_on_drop: false }`
[INFO] [stdout] 6f7b4d28300782cca63d50068226a8a889f714e835f8f1db5ed8cf4b336e57fc
